{"id":5031,"date":"2019-03-06T18:12:16","date_gmt":"2019-03-06T17:12:16","guid":{"rendered":"https:\/\/autocaresmaciasjimenez.com\/Autocares\/?page_id=5031"},"modified":"2019-03-06T18:24:40","modified_gmt":"2019-03-06T17:24:40","slug":"vehiculosindustriales","status":"publish","type":"page","link":"https:\/\/autocaresmaciasjimenez.com\/Autocares\/vehiculosindustriales\/","title":{"rendered":"VEHICULOSINDUSTRIALES"},"content":{"rendered":"\n<style type=\"text\/css\" data-created_by=\"avia_inline_auto\" id=\"style-css-av-jsxglyor-d130ffef048b16549cc31c1ccdd59e07\">\n.avia-section.av-jsxglyor-d130ffef048b16549cc31c1ccdd59e07{\nbackground-color:#7bb0e7;\nbackground-image:unset;\n}\n<\/style>\n<div id='av_section_1'  class='avia-section av-jsxglyor-d130ffef048b16549cc31c1ccdd59e07 main_color avia-section-default avia-no-border-styling  avia-builder-el-0  el_before_av_masonry_gallery  avia-builder-el-first  avia-bg-style-scroll container_wrap sidebar_right'  ><div class='container av-section-cont-open' ><main  role=\"main\" itemprop=\"mainContentOfPage\"  class='template-page content  av-content-small alpha units'><div class='post-entry post-entry-type-page post-entry-5031'><div class='entry-content-wrapper clearfix'>\n<section  class='av_textblock_section av-jsxgi76k-3caecb6f2521c21680c994503b6b2d66 '   itemscope=\"itemscope\" itemtype=\"https:\/\/schema.org\/CreativeWork\" ><div class='avia_textblock'  itemprop=\"text\" ><h1 style=\"text-align: center;\"><span style=\"font-size: 18pt; color: #ffffff;\">Guardia y custodia de veh\u00edculos industriales en garaje cubierto y servicio de mantenimiento de los mismos.<\/span><\/h1>\n<\/div><\/section>\n<div id='av-masonry-1' class='av-masonry av-jsxgpin0-0d95272002e69c5e55cf2adb33713b32 noHover av-fixed-size av-large-gap av-hover-overlay-active av-masonry-animation-active av-masonry-col-flexible av-caption-always av-caption-style- av-masonry-gallery ' data-post_id=\"5031\"><div class=\"av-masonry-container isotope av-js-disabled\"><div class='av-masonry-entry isotope-item av-masonry-item-no-image '><\/div><a href=\"https:\/\/autocaresmaciasjimenez.com\/Autocares\/wp-content\/uploads\/2019\/03\/BUSES-4-GARAJE-1030x392.jpg\"  aria-label=\"image BUSES 4 GARAJE\"  id='av-masonry-1-item-5036' data-av-masonry-item='5036' class='av-masonry-entry isotope-item post-5036 attachment type-attachment status-inherit hentry  av-masonry-item-with-image av-landscape-img' title=\"BUSES 4 GARAJE\" alt=\"\"    itemprop=\"thumbnailUrl\" ><div class='av-inner-masonry-sizer'><\/div><figure class='av-inner-masonry main_color'><div class=\"av-masonry-outerimage-container\"><div class='av-masonry-image-container' style=\"background-image: url(https:\/\/autocaresmaciasjimenez.com\/Autocares\/wp-content\/uploads\/2019\/03\/BUSES-4-GARAJE-705x268.jpg);\"  title=\"BUSES 4 GARAJE\"  ><\/div><\/div><\/figure><\/a><!--end av-masonry entry--><a href=\"https:\/\/autocaresmaciasjimenez.com\/Autocares\/wp-content\/uploads\/2019\/03\/BUSES1-GARAJE-1030x816.jpg\"  aria-label=\"image BUSES1 GARAJE\"  id='av-masonry-1-item-5037' data-av-masonry-item='5037' class='av-masonry-entry isotope-item post-5037 attachment type-attachment status-inherit hentry  av-masonry-item-with-image av-grid-img' title=\"BUSES1 GARAJE\" alt=\"\"    itemprop=\"thumbnailUrl\" ><div class='av-inner-masonry-sizer'><\/div><figure class='av-inner-masonry main_color'><div class=\"av-masonry-outerimage-container\"><div class='av-masonry-image-container' style=\"background-image: url(https:\/\/autocaresmaciasjimenez.com\/Autocares\/wp-content\/uploads\/2019\/03\/BUSES1-GARAJE-705x558.jpg);\"  title=\"BUSES1 GARAJE\"  ><\/div><\/div><\/figure><\/a><!--end av-masonry entry--><a href=\"https:\/\/autocaresmaciasjimenez.com\/Autocares\/wp-content\/uploads\/2019\/03\/GRUAS-682x1030.jpg\"  aria-label=\"image GRUAS\"  id='av-masonry-1-item-5038' data-av-masonry-item='5038' class='av-masonry-entry isotope-item post-5038 attachment type-attachment status-inherit hentry  av-masonry-item-with-image av-grid-img' title=\"GRUAS\" alt=\"\"    itemprop=\"thumbnailUrl\" ><div class='av-inner-masonry-sizer'><\/div><figure class='av-inner-masonry main_color'><div class=\"av-masonry-outerimage-container\"><div class='av-masonry-image-container' style=\"background-image: url(https:\/\/autocaresmaciasjimenez.com\/Autocares\/wp-content\/uploads\/2019\/03\/GRUAS-467x705.jpg);\"  title=\"GRUAS\"  ><\/div><\/div><\/figure><\/a><!--end av-masonry entry--><a href=\"https:\/\/autocaresmaciasjimenez.com\/Autocares\/wp-content\/uploads\/2019\/03\/LAVADOR-636x1030.jpg\"  aria-label=\"image LAVADOR\"  id='av-masonry-1-item-5039' data-av-masonry-item='5039' class='av-masonry-entry isotope-item post-5039 attachment type-attachment status-inherit hentry  av-masonry-item-with-image av-grid-img' title=\"LAVADOR\" alt=\"\"    itemprop=\"thumbnailUrl\" ><div class='av-inner-masonry-sizer'><\/div><figure class='av-inner-masonry main_color'><div class=\"av-masonry-outerimage-container\"><div class='av-masonry-image-container' style=\"background-image: url(https:\/\/autocaresmaciasjimenez.com\/Autocares\/wp-content\/uploads\/2019\/03\/LAVADOR-435x705.jpg);\"  title=\"LAVADOR\"  ><\/div><\/div><\/figure><\/a><!--end av-masonry entry--><a href=\"https:\/\/autocaresmaciasjimenez.com\/Autocares\/wp-content\/uploads\/2019\/03\/98585d3e1aa677c8a20c708de5fbf0e8-1028x1030.jpg\"  aria-label=\"image REVISIO\u0301N URBANO\"  id='av-masonry-1-item-5040' data-av-masonry-item='5040' class='av-masonry-entry isotope-item post-5040 attachment type-attachment status-inherit hentry  av-masonry-item-with-image av-grid-img' title=\"REVISIO\u0301N URBANO\" alt=\"\"    itemprop=\"thumbnailUrl\" ><div class='av-inner-masonry-sizer'><\/div><figure class='av-inner-masonry main_color'><div class=\"av-masonry-outerimage-container\"><div class='av-masonry-image-container' style=\"background-image: url(https:\/\/autocaresmaciasjimenez.com\/Autocares\/wp-content\/uploads\/2019\/03\/98585d3e1aa677c8a20c708de5fbf0e8-705x705.jpg);\"  title=\"REVISIO\u0301N URBANO\"  ><\/div><\/div><\/figure><\/a><!--end av-masonry entry--><a href=\"https:\/\/autocaresmaciasjimenez.com\/Autocares\/wp-content\/uploads\/2019\/03\/d3d035e7af19310267aca99a5c2d312d-1030x813.jpg\"  aria-label=\"image REVISIO\u0301N VERANO\"  id='av-masonry-1-item-5041' data-av-masonry-item='5041' class='av-masonry-entry isotope-item post-5041 attachment type-attachment status-inherit hentry  av-masonry-item-with-image av-grid-img' title=\"REVISIO\u0301N VERANO\" alt=\"\"    itemprop=\"thumbnailUrl\" ><div class='av-inner-masonry-sizer'><\/div><figure class='av-inner-masonry main_color'><div class=\"av-masonry-outerimage-container\"><div class='av-masonry-image-container' style=\"background-image: url(https:\/\/autocaresmaciasjimenez.com\/Autocares\/wp-content\/uploads\/2019\/03\/d3d035e7af19310267aca99a5c2d312d-705x556.jpg);\"  title=\"REVISIO\u0301N VERANO\"  ><\/div><\/div><\/figure><\/a><!--end av-masonry entry--><\/div><\/div><\/p>\n","protected":false},"excerpt":{"rendered":"","protected":false},"author":1,"featured_media":0,"parent":0,"menu_order":0,"comment_status":"closed","ping_status":"closed","template":"","meta":{"footnotes":""},"class_list":["post-5031","page","type-page","status-publish","hentry"],"yoast_head":"<!-- This site is optimized with the Yoast SEO Premium plugin v25.7.1 (Yoast SEO v26.3) - https:\/\/yoast.com\/wordpress\/plugins\/seo\/ -->\n<title>VEHICULOSINDUSTRIALES - Autocares Mac\u00edas Jim\u00e9nez<\/title>\n<meta name=\"robots\" content=\"index, follow, max-snippet:-1, max-image-preview:large, max-video-preview:-1\" \/>\n<link rel=\"canonical\" href=\"https:\/\/autocaresmaciasjimenez.com\/Autocares\/vehiculosindustriales\/\" \/>\n<meta property=\"og:locale\" content=\"es_ES\" \/>\n<meta property=\"og:type\" content=\"article\" \/>\n<meta property=\"og:title\" content=\"VEHICULOSINDUSTRIALES\" \/>\n<meta property=\"og:url\" content=\"https:\/\/autocaresmaciasjimenez.com\/Autocares\/vehiculosindustriales\/\" \/>\n<meta property=\"og:site_name\" content=\"Autocares Mac\u00edas Jim\u00e9nez\" \/>\n<meta property=\"article:modified_time\" content=\"2019-03-06T17:24:40+00:00\" \/>\n<meta name=\"twitter:card\" content=\"summary_large_image\" \/>\n<meta name=\"twitter:label1\" content=\"Tiempo de lectura\" \/>\n\t<meta name=\"twitter:data1\" content=\"1 minuto\" \/>\n<script type=\"application\/ld+json\" class=\"yoast-schema-graph\">{\"@context\":\"https:\/\/schema.org\",\"@graph\":[{\"@type\":\"WebPage\",\"@id\":\"https:\/\/autocaresmaciasjimenez.com\/Autocares\/vehiculosindustriales\/\",\"url\":\"https:\/\/autocaresmaciasjimenez.com\/Autocares\/vehiculosindustriales\/\",\"name\":\"VEHICULOSINDUSTRIALES - Autocares Mac\u00edas Jim\u00e9nez\",\"isPartOf\":{\"@id\":\"https:\/\/autocaresmaciasjimenez.com\/Autocares\/#website\"},\"datePublished\":\"2019-03-06T17:12:16+00:00\",\"dateModified\":\"2019-03-06T17:24:40+00:00\",\"breadcrumb\":{\"@id\":\"https:\/\/autocaresmaciasjimenez.com\/Autocares\/vehiculosindustriales\/#breadcrumb\"},\"inLanguage\":\"es\",\"potentialAction\":[{\"@type\":\"ReadAction\",\"target\":[\"https:\/\/autocaresmaciasjimenez.com\/Autocares\/vehiculosindustriales\/\"]}]},{\"@type\":\"BreadcrumbList\",\"@id\":\"https:\/\/autocaresmaciasjimenez.com\/Autocares\/vehiculosindustriales\/#breadcrumb\",\"itemListElement\":[{\"@type\":\"ListItem\",\"position\":1,\"name\":\"Portada\",\"item\":\"https:\/\/autocaresmaciasjimenez.com\/Autocares\/inicio\/\"},{\"@type\":\"ListItem\",\"position\":2,\"name\":\"VEHICULOSINDUSTRIALES\"}]},{\"@type\":\"WebSite\",\"@id\":\"https:\/\/autocaresmaciasjimenez.com\/Autocares\/#website\",\"url\":\"https:\/\/autocaresmaciasjimenez.com\/Autocares\/\",\"name\":\"Autocares Mac\u00edas Jim\u00e9nez\",\"description\":\"Arquiler de autocares y autobuses en toda Espa\u00f1a.\",\"potentialAction\":[{\"@type\":\"SearchAction\",\"target\":{\"@type\":\"EntryPoint\",\"urlTemplate\":\"https:\/\/autocaresmaciasjimenez.com\/Autocares\/?s={search_term_string}\"},\"query-input\":{\"@type\":\"PropertyValueSpecification\",\"valueRequired\":true,\"valueName\":\"search_term_string\"}}],\"inLanguage\":\"es\"}]}<\/script>\n<!-- \/ Yoast SEO Premium plugin. -->","yoast_head_json":{"title":"VEHICULOSINDUSTRIALES - Autocares Mac\u00edas Jim\u00e9nez","robots":{"index":"index","follow":"follow","max-snippet":"max-snippet:-1","max-image-preview":"max-image-preview:large","max-video-preview":"max-video-preview:-1"},"canonical":"https:\/\/autocaresmaciasjimenez.com\/Autocares\/vehiculosindustriales\/","og_locale":"es_ES","og_type":"article","og_title":"VEHICULOSINDUSTRIALES","og_url":"https:\/\/autocaresmaciasjimenez.com\/Autocares\/vehiculosindustriales\/","og_site_name":"Autocares Mac\u00edas Jim\u00e9nez","article_modified_time":"2019-03-06T17:24:40+00:00","twitter_card":"summary_large_image","twitter_misc":{"Tiempo de lectura":"1 minuto"},"schema":{"@context":"https:\/\/schema.org","@graph":[{"@type":"WebPage","@id":"https:\/\/autocaresmaciasjimenez.com\/Autocares\/vehiculosindustriales\/","url":"https:\/\/autocaresmaciasjimenez.com\/Autocares\/vehiculosindustriales\/","name":"VEHICULOSINDUSTRIALES - Autocares Mac\u00edas Jim\u00e9nez","isPartOf":{"@id":"https:\/\/autocaresmaciasjimenez.com\/Autocares\/#website"},"datePublished":"2019-03-06T17:12:16+00:00","dateModified":"2019-03-06T17:24:40+00:00","breadcrumb":{"@id":"https:\/\/autocaresmaciasjimenez.com\/Autocares\/vehiculosindustriales\/#breadcrumb"},"inLanguage":"es","potentialAction":[{"@type":"ReadAction","target":["https:\/\/autocaresmaciasjimenez.com\/Autocares\/vehiculosindustriales\/"]}]},{"@type":"BreadcrumbList","@id":"https:\/\/autocaresmaciasjimenez.com\/Autocares\/vehiculosindustriales\/#breadcrumb","itemListElement":[{"@type":"ListItem","position":1,"name":"Portada","item":"https:\/\/autocaresmaciasjimenez.com\/Autocares\/inicio\/"},{"@type":"ListItem","position":2,"name":"VEHICULOSINDUSTRIALES"}]},{"@type":"WebSite","@id":"https:\/\/autocaresmaciasjimenez.com\/Autocares\/#website","url":"https:\/\/autocaresmaciasjimenez.com\/Autocares\/","name":"Autocares Mac\u00edas Jim\u00e9nez","description":"Arquiler de autocares y autobuses en toda Espa\u00f1a.","potentialAction":[{"@type":"SearchAction","target":{"@type":"EntryPoint","urlTemplate":"https:\/\/autocaresmaciasjimenez.com\/Autocares\/?s={search_term_string}"},"query-input":{"@type":"PropertyValueSpecification","valueRequired":true,"valueName":"search_term_string"}}],"inLanguage":"es"}]}},"_links":{"self":[{"href":"https:\/\/autocaresmaciasjimenez.com\/Autocares\/wp-json\/wp\/v2\/pages\/5031","targetHints":{"allow":["GET"]}}],"collection":[{"href":"https:\/\/autocaresmaciasjimenez.com\/Autocares\/wp-json\/wp\/v2\/pages"}],"about":[{"href":"https:\/\/autocaresmaciasjimenez.com\/Autocares\/wp-json\/wp\/v2\/types\/page"}],"author":[{"embeddable":true,"href":"https:\/\/autocaresmaciasjimenez.com\/Autocares\/wp-json\/wp\/v2\/users\/1"}],"replies":[{"embeddable":true,"href":"https:\/\/autocaresmaciasjimenez.com\/Autocares\/wp-json\/wp\/v2\/comments?post=5031"}],"version-history":[{"count":7,"href":"https:\/\/autocaresmaciasjimenez.com\/Autocares\/wp-json\/wp\/v2\/pages\/5031\/revisions"}],"predecessor-version":[{"id":5048,"href":"https:\/\/autocaresmaciasjimenez.com\/Autocares\/wp-json\/wp\/v2\/pages\/5031\/revisions\/5048"}],"wp:attachment":[{"href":"https:\/\/autocaresmaciasjimenez.com\/Autocares\/wp-json\/wp\/v2\/media?parent=5031"}],"curies":[{"name":"wp","href":"https:\/\/api.w.org\/{rel}","templated":true}]}}